{"id":56,"date":"2017-09-05T11:30:26","date_gmt":"2017-09-05T11:30:26","guid":{"rendered":"http:\/\/bibtex.al\/?page_id=56"},"modified":"2017-12-26T12:43:11","modified_gmt":"2017-12-26T12:43:11","slug":"rreth-nesh","status":"publish","type":"page","link":"https:\/\/bibtex.al\/index.php\/rreth-nesh\/","title":{"rendered":"Rreth nesh"},"content":{"rendered":"<div class=\"wpb-content-wrapper\"><p>[vc_row][vc_column width=&#8221;1\/2&#8243;][vc_empty_space height=&#8221;5px&#8221;]<div id=\"ult-carousel-290658362569f60e6b9eaab\" class=\"ult-carousel-wrapper   ult_horizontal\" data-gutter=\"15\" data-rtl=\"false\" ><div class=\"ult-carousel-50016240369f60e6b9e9ff \" >[vc_single_image image=&#8221;71&#8243; img_size=&#8221;full&#8221; alignment=&#8221;center&#8221; style=&#8221;vc_box_shadow_3d&#8221; onclick=&#8221;link_image&#8221; image_hovers=&#8221;false&#8221;][vc_single_image image=&#8221;539&#8243; img_size=&#8221;full&#8221; alignment=&#8221;center&#8221; style=&#8221;vc_box_shadow_3d&#8221; onclick=&#8221;link_image&#8221; image_hovers=&#8221;false&#8221;]<\/div><\/div>\t\t\t<script type=\"text\/javascript\">\n\t\t\t\tjQuery(document).ready(function ($) {\n\t\t\t\t\tif( typeof jQuery('.ult-carousel-50016240369f60e6b9e9ff').slick == \"function\"){\n\t\t\t\t\t\t$('.ult-carousel-50016240369f60e6b9e9ff').slick({dots: false,autoplay: true,autoplaySpeed: \"4000\",speed: \"4000\",infinite: true,arrows: true,nextArrow: '<button type=\"button\" role=\"button\" aria-label=\"Next\" style=\"color:#333333; font-size:20px;\" class=\"slick-next default\"><i class=\"ultsl-arrow-right4\"><\/i><\/button>',prevArrow: '<button type=\"button\" role=\"button\" aria-label=\"Previous\" style=\"color:#333333; font-size:20px;\" class=\"slick-prev default\"><i class=\"ultsl-arrow-left4\"><\/i><\/button>',slidesToScroll:1,slidesToShow:1,swipe: true,draggable: true,touchMove: true,pauseOnHover: true,pauseOnFocus: false,responsive: [\n\t\t\t\t\t\t\t{\n\t\t\t\t\t\t\t  breakpoint: 1026,\n\t\t\t\t\t\t\t  settings: {\n\t\t\t\t\t\t\t\tslidesToShow: 1,\n\t\t\t\t\t\t\t\tslidesToScroll: 1,  \n\t\t\t\t\t\t\t  }\n\t\t\t\t\t\t\t},\n\t\t\t\t\t\t\t{\n\t\t\t\t\t\t\t  breakpoint: 1025,\n\t\t\t\t\t\t\t  settings: {\n\t\t\t\t\t\t\t\tslidesToShow: 1,\n\t\t\t\t\t\t\t\tslidesToScroll: 1\n\t\t\t\t\t\t\t  }\n\t\t\t\t\t\t\t},\n\t\t\t\t\t\t\t{\n\t\t\t\t\t\t\t  breakpoint: 760,\n\t\t\t\t\t\t\t  settings: {\n\t\t\t\t\t\t\t\tslidesToShow: 1,\n\t\t\t\t\t\t\t\tslidesToScroll: 1\n\t\t\t\t\t\t\t  }\n\t\t\t\t\t\t\t}\n\t\t\t\t\t\t],pauseOnDotsHover: true,customPaging: function(slider, i) {\n                   return '<i type=\"button\" style= \"color:#333333;\" class=\"ultsl-record\" data-role=\"none\"><\/i>';\n                },});\n\t\t\t\t\t}\n\t\t\t\t});\n\t\t\t<\/script>\n\t\t\t[\/vc_column][vc_column width=&#8221;1\/2&#8243;][vc_custom_heading text=&#8221;MIR\u00cbSEVINI N\u00cb &#8221; font_container=&#8221;tag:h4|text_align:center|color:%23972022&#8243; google_fonts=&#8221;font_family:Arimo%3Aregular%2Citalic%2C700%2C700italic|font_style:700%20bold%20regular%3A700%3Anormal&#8221;][vc_custom_heading text=&#8221;BIBTEX ALBANIA&#8221; font_container=&#8221;tag:h2|font_size:38px|text_align:center|color:%23000000&#8243; google_fonts=&#8221;font_family:Merienda%3Aregular%2C700|font_style:700%20bold%20regular%3A700%3Anormal&#8221;][vc_column_text css=&#8221;.vc_custom_1514292166318{margin-bottom: 2px !important;}&#8221;]<\/p>\n<p style=\"text-align: justify;\"><span style=\"color: #000000;\">Bibtex \u00ebsht\u00eb nj\u00eb kompani e\u00a0 cila ju ofron jo thjesht \u00a0p\u00eblhura dhe tapiceri, por thjesht \u00ebsht\u00eb ajo q\u00eb juve ju nevojitet. Arsyet pse duhet t\u00eb na zgjidhni ne jan\u00eb t\u00eb shumta dhe mund t\u00eb p\u00ebrmendim:<\/span><\/p>\n<p>[\/vc_column_text]<div class=\"standard-arrow bullet-top\"><ul>\n<li><span style=\"color: #000000;\">Dizajne t\u00eb reja<\/span><\/li>\n<li><span style=\"color: #000000;\">Testime laboratorike t\u00eb plota bazuar n\u00eb standartet europiane.<\/span><\/li>\n<li><span style=\"color: #000000;\">Performanc\u00eb dhe cil\u00ebsi e lart\u00eb<\/span><\/li>\n<li><span style=\"color: #000000;\">Sh\u00ebrbim profesional dhe t\u00eb dedikuar<\/span><\/li>\n<li><span style=\"color: #000000;\">Teknologjia m\u00eb e lart\u00eb europiane n\u00eb t\u00eb gjitha fazat e prodhimit<\/span><\/li>\n<li><span style=\"color: #000000;\">Shum\u00ebllojshm\u00ebria e copave b\u00ebn q\u00eb t\u2019u p\u00ebrshtaten t\u00eb gjitha shijeve t\u00eb konsumator\u00ebve.<\/span><\/li>\n<\/ul>\n<\/div>[\/vc_column][\/vc_row][vc_row][vc_column]<div id=\"ult-carousel-149966948969f60e6b9ed27\" class=\"ult-carousel-wrapper   ult_horizontal\" data-gutter=\"15\" data-rtl=\"false\" ><div class=\"ult-carousel-165048095169f60e6b9ed00 \" >[vc_single_image image=&#8221;65&#8243; img_size=&#8221;full&#8221; alignment=&#8221;center&#8221; style=&#8221;vc_box_shadow_3d&#8221; onclick=&#8221;link_image&#8221; image_hovers=&#8221;false&#8221;][vc_single_image image=&#8221;68&#8243; img_size=&#8221;full&#8221; alignment=&#8221;center&#8221; style=&#8221;vc_box_shadow_3d&#8221; onclick=&#8221;link_image&#8221; image_hovers=&#8221;false&#8221;][vc_single_image image=&#8221;66&#8243; img_size=&#8221;full&#8221; alignment=&#8221;center&#8221; style=&#8221;vc_box_shadow_3d&#8221; onclick=&#8221;link_image&#8221; image_hovers=&#8221;false&#8221;]<\/div><\/div>\t\t\t<script type=\"text\/javascript\">\n\t\t\t\tjQuery(document).ready(function ($) {\n\t\t\t\t\tif( typeof jQuery('.ult-carousel-165048095169f60e6b9ed00').slick == \"function\"){\n\t\t\t\t\t\t$('.ult-carousel-165048095169f60e6b9ed00').slick({dots: true,autoplay: true,autoplaySpeed: \"3000\",speed: \"3000\",infinite: true,arrows: true,nextArrow: '<button type=\"button\" role=\"button\" aria-label=\"Next\" style=\"color:#333333; font-size:20px;\" class=\"slick-next default\"><i class=\"ultsl-arrow-right4\"><\/i><\/button>',prevArrow: '<button type=\"button\" role=\"button\" aria-label=\"Previous\" style=\"color:#333333; font-size:20px;\" class=\"slick-prev default\"><i class=\"ultsl-arrow-left4\"><\/i><\/button>',slidesToScroll:3,slidesToShow:3,swipe: true,draggable: true,touchMove: true,pauseOnHover: true,pauseOnFocus: false,responsive: [\n\t\t\t\t\t\t\t{\n\t\t\t\t\t\t\t  breakpoint: 1026,\n\t\t\t\t\t\t\t  settings: {\n\t\t\t\t\t\t\t\tslidesToShow: 3,\n\t\t\t\t\t\t\t\tslidesToScroll: 3,  \n\t\t\t\t\t\t\t  }\n\t\t\t\t\t\t\t},\n\t\t\t\t\t\t\t{\n\t\t\t\t\t\t\t  breakpoint: 1025,\n\t\t\t\t\t\t\t  settings: {\n\t\t\t\t\t\t\t\tslidesToShow: 3,\n\t\t\t\t\t\t\t\tslidesToScroll: 3\n\t\t\t\t\t\t\t  }\n\t\t\t\t\t\t\t},\n\t\t\t\t\t\t\t{\n\t\t\t\t\t\t\t  breakpoint: 760,\n\t\t\t\t\t\t\t  settings: {\n\t\t\t\t\t\t\t\tslidesToShow: 1,\n\t\t\t\t\t\t\t\tslidesToScroll: 1\n\t\t\t\t\t\t\t  }\n\t\t\t\t\t\t\t}\n\t\t\t\t\t\t],pauseOnDotsHover: true,customPaging: function(slider, i) {\n                   return '<i type=\"button\" style= \"color:#333333;\" class=\"ultsl-radio-checked\" data-role=\"none\"><\/i>';\n                },});\n\t\t\t\t\t}\n\t\t\t\t});\n\t\t\t<\/script>\n\t\t\t[\/vc_column][\/vc_row][vc_row][vc_column][vc_custom_heading text=&#8221;PRO\u00c7ESET E PRODHIMIT&#8221; font_container=&#8221;tag:h2|font_size:38px|text_align:center|color:%23000000&#8243; google_fonts=&#8221;font_family:Merienda%3Aregular%2C700|font_style:700%20bold%20regular%3A700%3Anormal&#8221;][vc_row_inner][vc_column_inner width=&#8221;1\/3&#8243;][\/vc_column_inner][vc_column_inner width=&#8221;1\/3&#8243;][vc_separator color=&#8221;black&#8221; style=&#8221;shadow&#8221; border_width=&#8221;3&#8243; el_width=&#8221;40&#8243;][\/vc_column_inner][vc_column_inner width=&#8221;1\/3&#8243;][\/vc_column_inner][\/vc_row_inner][\/vc_column][\/vc_row][vc_row][vc_column width=&#8221;1\/3&#8243;][vc_single_image image=&#8221;73&#8243; img_size=&#8221;full&#8221; alignment=&#8221;center&#8221; style=&#8221;vc_box_border_circle_2&#8243; css_animation=&#8221;fadeInUp&#8221; image_hovers=&#8221;false&#8221;][vc_custom_heading text=&#8221;Prodhimi i fijeve&#8221; font_container=&#8221;tag:h2|font_size:22px|text_align:center|color:%23000000&#8243; google_fonts=&#8221;font_family:Merienda%3Aregular%2C700|font_style:700%20bold%20regular%3A700%3Anormal&#8221; css_animation=&#8221;fadeInUp&#8221; css=&#8221;.vc_custom_1504612846921{margin-top: -16px !important;}&#8221;][vc_column_text]<\/p>\n<p style=\"text-align: center;\"><span style=\"color: #000000;\">Fabrika prodhon fije t\u00eb madh\u00ebsive &amp; llojeve t\u00eb ndryshme si: akrilik, m\u00ebndafsh, pambuk dhe polyester duke p\u00ebrdorur makina moderne dhe kontrolle p\u00ebr nj\u00eb cil\u00ebsi sipas standarteve europiane.<\/span><\/p>\n<p>[\/vc_column_text][\/vc_column][vc_column width=&#8221;1\/3&#8243;][vc_single_image image=&#8221;41&#8243; img_size=&#8221;full&#8221; alignment=&#8221;center&#8221; style=&#8221;vc_box_border_circle_2&#8243; css_animation=&#8221;fadeInUp&#8221; image_hovers=&#8221;false&#8221;][vc_custom_heading text=&#8221;Ngjyrosja e fijeve&#8221; font_container=&#8221;tag:h2|font_size:22px|text_align:center|color:%23000000&#8243; google_fonts=&#8221;font_family:Merienda%3Aregular%2C700|font_style:700%20bold%20regular%3A700%3Anormal&#8221; css_animation=&#8221;fadeInUp&#8221; css=&#8221;.vc_custom_1504612865893{margin-top: -16px !important;}&#8221;][vc_column_text]<\/p>\n<p style=\"text-align: center;\"><span style=\"color: #000000;\">P\u00ebr t\u00eb marr\u00eb rezultate t\u00eb shk\u00eblqyera n\u00eb ngjyrosjen e fijeve, kompania &#8220;Bibtex&#8221; p\u00ebrdor kompanit\u00eb m\u00eb prestigjoze zvicerane p\u00ebr ngjyrosje dhe teknologjin\u00eb m\u00eb t\u00eb lart\u00eb italiane.<\/span><\/p>\n<p>[\/vc_column_text][\/vc_column][vc_column width=&#8221;1\/3&#8243;][vc_single_image image=&#8221;42&#8243; img_size=&#8221;full&#8221; alignment=&#8221;center&#8221; style=&#8221;vc_box_border_circle_2&#8243; css_animation=&#8221;fadeInUp&#8221; image_hovers=&#8221;false&#8221;][vc_custom_heading text=&#8221;Warping&#8221; font_container=&#8221;tag:h2|font_size:22px|text_align:center|color:%23000000&#8243; google_fonts=&#8221;font_family:Merienda%3Aregular%2C700|font_style:700%20bold%20regular%3A700%3Anormal&#8221; css_animation=&#8221;fadeInUp&#8221; css=&#8221;.vc_custom_1504612872549{margin-top: -16px !important;}&#8221;][vc_column_text]<\/p>\n<p style=\"text-align: center;\"><span style=\"color: #000000;\">\u00cbsht\u00eb procedura e par\u00eb dhe m\u00eb e r\u00ebndesishmja n\u00eb pro\u00e7esin e thurjes s\u00eb fijeve . Kompania &#8220;Bibtex&#8221; p\u00ebrdor makinat m\u00eb t\u00eb mira spanjolle p\u00ebr t\u00eb rritur cil\u00ebsin\u00eb e k\u00ebtij pro\u00e7esi.<\/span><\/p>\n<p>[\/vc_column_text][\/vc_column][\/vc_row][vc_row][vc_column width=&#8221;1\/3&#8243;][vc_single_image image=&#8221;43&#8243; img_size=&#8221;full&#8221; alignment=&#8221;center&#8221; style=&#8221;vc_box_border_circle_2&#8243; css_animation=&#8221;fadeInUp&#8221; image_hovers=&#8221;false&#8221;][vc_custom_heading text=&#8221;Ngjyrosja e cop\u00ebs&#8221; font_container=&#8221;tag:h2|font_size:22px|text_align:center|color:%23000000&#8243; google_fonts=&#8221;font_family:Merienda%3Aregular%2C700|font_style:700%20bold%20regular%3A700%3Anormal&#8221; css_animation=&#8221;fadeInUp&#8221; css=&#8221;.vc_custom_1504613164453{margin-top: -16px !important;}&#8221;][vc_column_text]<\/p>\n<p style=\"text-align: center;\"><span style=\"color: #000000;\">&#8220;Bibtex&#8221; ofron t\u00eb gjitha llojet e p\u00eblhurave si ato t\u00eb thjeshta ashtu edhe ato jacquard duke i<\/span>&#8216;<span style=\"color: #000000;\">u dh\u00ebn\u00eb p\u00eblhurave efekte unike dhe dizajn fantastik.<\/span><\/p>\n<p>[\/vc_column_text][\/vc_column][vc_column width=&#8221;1\/3&#8243;][vc_single_image image=&#8221;44&#8243; img_size=&#8221;full&#8221; alignment=&#8221;center&#8221; style=&#8221;vc_box_border_circle_2&#8243; css_animation=&#8221;fadeInUp&#8221; image_hovers=&#8221;false&#8221;][vc_custom_heading text=&#8221;P\u00ebrfundimi &amp; Veshja&#8221; font_container=&#8221;tag:h2|font_size:22px|text_align:center|color:%23000000&#8243; google_fonts=&#8221;font_family:Merienda%3Aregular%2C700|font_style:700%20bold%20regular%3A700%3Anormal&#8221; css_animation=&#8221;fadeInUp&#8221; css=&#8221;.vc_custom_1504613253983{margin-top: -16px !important;}&#8221;][vc_column_text]<\/p>\n<p style=\"text-align: center;\"><span style=\"color: #000000;\">Paraqet faz\u00ebn e fundit t\u00eb prodhimit. &#8220;Bibtex&#8221; ka makina Biankalani t\u00eb cilat i&#8217;u japin rrobave prekjen q\u00eb d\u00ebshiron t\u00eb ndiej\u00eb \u00e7do klient.<br \/>\n<\/span><\/p>\n<p>[\/vc_column_text][\/vc_column][vc_column width=&#8221;1\/3&#8243;][vc_single_image image=&#8221;74&#8243; img_size=&#8221;full&#8221; alignment=&#8221;center&#8221; style=&#8221;vc_box_border_circle_2&#8243; css_animation=&#8221;fadeInUp&#8221; image_hovers=&#8221;false&#8221;][vc_custom_heading text=&#8221;Paketimi&#8221; font_container=&#8221;tag:h2|font_size:22px|text_align:center|color:%23000000&#8243; google_fonts=&#8221;font_family:Merienda%3Aregular%2C700|font_style:700%20bold%20regular%3A700%3Anormal&#8221; css_animation=&#8221;fadeInUp&#8221; css=&#8221;.vc_custom_1504613364259{margin-top: -16px !important;}&#8221;][vc_column_text]<\/p>\n<p style=\"text-align: center;\"><span style=\"color: #000000;\">&#8220;Bibtex&#8221; p\u00ebrdor teknologjin\u00eb m\u00eb t\u00eb lart\u00eb italiane p\u00ebr t\u00eb paketuar produktet n\u00eb nj\u00eb m\u00ebnyr\u00eb t\u00eb till\u00eb q\u00eb ato t\u00eb jen\u00eb t\u00eb mbrojtura nga d\u00ebmtimet.<br \/>\n<\/span><\/p>\n<p>[\/vc_column_text][\/vc_column][\/vc_row]<\/p>\n<\/div>","protected":false},"excerpt":{"rendered":"<p>[vc_row][vc_column width=&#8221;1\/2&#8243;][vc_empty_space height=&#8221;5px&#8221;][\/vc_column][vc_column width=&#8221;1\/2&#8243;][vc_custom_heading text=&#8221;MIR\u00cbSEVINI N\u00cb &#8221; font_container=&#8221;tag:h4|text_align:center|color:%23972022&#8243; google_fonts=&#8221;font_family:Arimo%3Aregular%2Citalic%2C700%2C700italic|font_style:700%20bold%20regular%3A700%3Anormal&#8221;][vc_custom_heading text=&#8221;BIBTEX ALBANIA&#8221; font_container=&#8221;tag:h2|font_size:38px|text_align:center|color:%23000000&#8243; google_fonts=&#8221;font_family:Merienda%3Aregular%2C700|font_style:700%20bold%20regular%3A700%3Anormal&#8221;][vc_column_text css=&#8221;.vc_custom_1514292166318{margin-bottom: 2px !important;}&#8221;] Bibtex \u00ebsht\u00eb nj\u00eb kompani e\u00a0 cila ju ofron jo thjesht \u00a0p\u00eblhura dhe tapiceri, por thjesht \u00ebsht\u00eb ajo q\u00eb juve ju nevojitet. Arsyet pse duhet t\u00eb na zgjidhni ne jan\u00eb t\u00eb shumta dhe mund t\u00eb p\u00ebrmendim: [\/vc_column_text][\/vc_column][\/vc_row][vc_row][vc_column][\/vc_column][\/vc_row][vc_row][vc_column][vc_custom_heading text=&#8221;PRO\u00c7ESET E PRODHIMIT&#8221;&hellip;<\/p>\n","protected":false},"author":4,"featured_media":0,"parent":0,"menu_order":0,"comment_status":"closed","ping_status":"closed","template":"","meta":{"footnotes":""},"class_list":["post-56","page","type-page","status-publish","hentry","description-off"],"_links":{"self":[{"href":"https:\/\/bibtex.al\/index.php\/wp-json\/wp\/v2\/pages\/56","targetHints":{"allow":["GET"]}}],"collection":[{"href":"https:\/\/bibtex.al\/index.php\/wp-json\/wp\/v2\/pages"}],"about":[{"href":"https:\/\/bibtex.al\/index.php\/wp-json\/wp\/v2\/types\/page"}],"author":[{"embeddable":true,"href":"https:\/\/bibtex.al\/index.php\/wp-json\/wp\/v2\/users\/4"}],"replies":[{"embeddable":true,"href":"https:\/\/bibtex.al\/index.php\/wp-json\/wp\/v2\/comments?post=56"}],"version-history":[{"count":8,"href":"https:\/\/bibtex.al\/index.php\/wp-json\/wp\/v2\/pages\/56\/revisions"}],"predecessor-version":[{"id":998,"href":"https:\/\/bibtex.al\/index.php\/wp-json\/wp\/v2\/pages\/56\/revisions\/998"}],"wp:attachment":[{"href":"https:\/\/bibtex.al\/index.php\/wp-json\/wp\/v2\/media?parent=56"}],"curies":[{"name":"wp","href":"https:\/\/api.w.org\/{rel}","templated":true}]}}